-642. Suppose 0 = -23*w + 24*w - k. Suppose 0 = 3*x - 4*q - 893, w = -2*x + 3*x + 3*q. Is x a composite number?
True
Suppose 2*c = n + 143063, 0 = -4*c - 5*n + 443410 - 157291. Is c a prime number?
False
Suppose 17*t - 63459 = 7482. Let b(j) = -j + 6. Let v be b(6). Suppose 4*f - f - t = v. Is f composite?
True
Suppose -55948 = i + 5*t, -4*i = -0*i + t + 223868. Is i/(-64) + (-5)/(-2) a prime number?
True
Suppose 12*h + 6661237 = -13*h + 24754262. Is h a prime number?
True
Let r be (-3 - (-45148)/12)/((-16)/(-24)). Let y = 8346 - r. Is y a composite number?
False
Is (72 - 87) + 82*1812 composite?
True
Let y be (23 + -19)*9/(-4). Is ((-3)/y)/(15/20205) composite?
False
Let h = -43 - -94. Suppose m + 3*z - 58 = 0, -4 = -z - 0*z. Suppose -3505 = -h*u + m*u. Is u a composite number?
False
Suppose -4*p + 3998 = -918. Let i = p + -2122. Let o = i + 2898. Is o a composite number?
True
Suppose -25*g + 1789184 = -4979691. Is g prime?
False
Let j be 4/3 + 2180/12. Suppose 0 = -192*u + j*u + 13977. Is u prime?
True
Let t = -2 + 8. Suppose -s = -t - 3. Is ((-9)/3*1)/(s/(-10077)) prime?
True
Let x(k) = -k - 3. Let b be x(-19). Suppose -b*o = -15*o - 15. Suppose o*a - 1976 = 2809. Is a a prime number?
False
Suppose -14326 = 26*n + 3*n. Let m(s) = 59*s**2 + 4. Let u be m(5). Let b = u - n. Is b prime?
True
Let y = -8015 - -60860. Let o = y + -37498. Is o a prime number?
False
Is 8*(-27)/(-72) - (5 + 4 + -412765) prime?
False
Let y be (21/(-9))/((-1)/(-2439)). Is 1/(6/(-21) + (-1647)/y) a composite number?
False
Let w = 44 + -80. Let o be 9/4 - (-9)/w. Suppose 0 = -o*z - 4*z + 1842. Is z a composite number?
False
Let n be 96/48 - (1 - 34216/2). Let g = n + 18382. Is g prime?
True
Let u = -140994 - -375531. Is u a composite number?
True
Let h = 14 + -26. Let w be h/10*(-10)/3. Is (w/(-18) - (-13768)/72)*1 composite?
False
Let o(s) = 157*s - 71. Let d be o(13). Let a = -1139 + d. Is a a prime number?
False
Suppose -4*w - 5 = 3. Let j(b) be the second derivative of -183*b**3/2 - 11*b**2/2 - 227*b. Is j(w) a prime number?
True
Let m = -802 + 808. Let a(b) = 537*b + 589. Is a(m) prime?
False
Let g(d) = d**3 + 32*d**2 - 82*d + 30. Let n be g(-33). Suppose 0 = -u - 0*u + 3046. Let r = u - n. Is r prime?
True
Let p(o) = -3*o**2 - 16*o - 10. Let u be p(-4). Let c be (-70)/(-105) + 8/u. Is (1/(-2)*c)/((-6)/12594) prime?
True
Let p = -13 - -15. Suppose 10*m - p*m = -5*m. Suppose 4*x + 2519 = 4*o - 2581, 3*x - 12 = m. Is o composite?
False
Let s(c) = 118430*c**2 - 30*c + 30. Let h be s(1). Suppose -h = -22*p - 15052. Is p a composite number?
True
Suppose -5*f + 363994 = g, 49419 = 5*f - g - 314577. Is f a prime number?
False
Let b = 3 + 9. Suppose -b*m + 0*m + 7596 = 0. Suppose 2*t = 5*t - m. Is t a prime number?
True
Let o be (3/(-2))/(2/(-4)). Let p be 62681/8 - o/24. Suppose 4*f + p = 3*w, 3*w + f + 1194 = 9019. Is w a prime number?
True
Is (9 - 10)*3*12133/(-3) prime?
False
Let o(n) be the first derivative of -77*n**2 - 53*n - 88. Is o(-9) a composite number?
True
Let n(k) = -k**2 - 14*k + 2. Let o be n(-14). Let p(v) = 14*v - 61*v - 3 - 19*v - o. Is p(-2) a prime number?
True
Suppose -176*f + 75992493 = -66797891. Is f a composite number?
True
Suppose -6*x + 18 = -30. Suppose o + 5*t - x = 5, 5*o + 16 = 2*t. Is o*29/2*-67 composite?
True
Suppose -5*j + 11 + 29 = 3*n, 5*j = 2*n - 35. Suppose -17*o - 4*o + 189 = 0. Is 3/o + 550/n a prime number?
True
Suppose -2*g = 2*p - 2, 2*p - g = 3*g - 10. Let d(h) = -137*h**3 + 244*h**3 - 159*h**3 + h**2. Is d(p) a composite number?
False
Let a = -1 - -3. Suppose 0 = -a*v - 24 + 266. Is (-22)/v - (-6)/22*3407 prime?
True
Suppose 3*u = -12, -o + 3*u = -26 - 2. Suppose -77558 = -10*k - o*k. Is k a prime number?
False
Suppose 5*x + 2*h - 320038 = 0, 192038 = 3*x + 8*h - 3*h. Is x a composite number?
True
Let s(w) = 507616*w**3 + 2*w**2 + 63*w - 129. Is s(2) a composite number?
False
Let o = -721 - -742. Let g(l) = 11*l**2 - 92*l + 8. Is g(o) composite?
False
Let i(y) be the second derivative of 5*y**4/12 - y**3/2 - 6*y**2 + 7*y. Let n be i(-5). Is 4 - (-2 - 0 - n) a composite number?
True
Suppose 0 = -12*b + 15*b - 2388. Suppose 3*h + h = b. Is -2 + h + 9/(-1) + 6 a composite number?
True
Suppose 1096 + 7544 = -5*b. Let p = -715 - b. Suppose -a - 1 = 0, -4*h + 5*a = 4*a - p. Is h prime?
False
Let z be (60/18)/(2/(-9)) - -1. Let o(r) = -r**3 - 13*r**2 + 15*r + 19. Let x be o(z). Suppose 5*g = -x*b + 2925, -2*g + 692 = b + 103. Is b a prime number?
False
Let d(t) = 1810*t - 839. Is d(40) a composite number?
True
Let p = 113333 + 66804. Is p a composite number?
False
Is (0 + 45489/(-9))*(-60 + 57) a composite number?
True
Suppose 5*r - 7*i + 9255 = -12*i, 0 = -3*i. Let c = r + 2932. Is c a prime number?
False
Suppose -63*h + 1869 = -70*h. Suppose g + 0*g + y = -3, 7 = -3*g - y. Is 1*(-3 - (h + g/2)) a composite number?
True
Is (22/2 - 212880/(-6))*(2 + -1) prime?
True
Let c(s) = 169*s**2 - 1858*s - 89. Is c(-36) prime?
True
Suppose j - 656493 - 343896 = -2*t, j - 2000783 = -4*t. Is t a composite number?
False
Let s(r) be the second derivative of -252*r**3 + 26*r - 1/2*r**2 + 0. Is s(-1) prime?
True
Is (1 - 13538)*(177 - 178) a prime number?
True
Suppose 3*f = 4*f - l, 4*f + 4*l + 16 = 0. Is f/((-2)/(-10) - (-171654)/(-857570)) prime?
True
Suppose -l + 3*m + 10 = 0, 3*l - 13 = m + 1. Let n be 0/(l/(-2) - 0). Let y(r) = r**2 - r + 2053. Is y(n) prime?
True
Let s = -310213 + 528082. Is s prime?
False
Let r(o) = -11*o**3 - 3*o**2 - 2*o - 1. Let v(f) = -8*f**2 + 4*f. Let l be v(-1). Is r(l) a composite number?
True
Suppose -11 = -4*k - 19. Let u(p) = 3*p**3 - 6*p + 10. Let f(l) = 6*l**3 - l**2 - 13*l + 20. Let s(t) = k*f(t) + 5*u(t). Is s(5) a prime number?
False
Let q(o) = 2624*o**2 + 11*o + 29. Let n be q(-5). Suppose 0 = 12*m - 30*m + n. Is m a composite number?
False
Let g(r) = -18 - 3*r - 17 + 9*r + 5*r. Let l be 7 + 5 + 4 + -10. Is g(l) composite?
False
Suppose 0 = -3*k + 4*n + 2652 + 1489, -k = -4*n - 1391. Suppose 3*l + 4*v + 0*v - k = 0, 4*l = 3*v + 1825. Let m = -278 + l. Is m prime?
True
Let f be (-1682408)/(-234) - (-2)/9. Suppose -2*h + 3*h = 3*l + 3595, 2*h - f = 2*l. Is h a prime number?
False
Let n be 15 - (-7)/((-21)/15). Let m(v) = -v**2 + 11*v - 7. Let q be m(n). Suppose -118 = -q*i + i. Is i composite?
False
Suppose 35*u - 29*u = 0. Is 68960/15 + ((-1)/3 - u) composite?
False
Let u be -15 + 13 - (-3141)/(-3). Is (-5 - -45)/(-8)*u composite?
True
Suppose -17*q + 10296 = 47067. Let u = q - -4204. Is u composite?
True
Let c = -5 - -10. Suppose -n = 3, -25*d + 23*d + 21 = 3*n. Suppose 2*a = c*a + j - 3780, -d = 5*j. Is a a composite number?
True
Suppose 3*v = 4*d - 51, -4*v - 5*d = v + 50. Let c(g) = -6 - 14 + 79*g - 82*g. Is c(v) prime?
True
Let u = 508 - 503. Let w(h) = 52*h**3 - 13*h**2 + 17*h + 108. Let y(q) = 13*q**3 - 3*q**2 + 4*q + 27. Let x(t) = -2*w(t) + 9*y(t). Is x(u) prime?
True
Suppose p = -6*p + 35. Suppose -x = p*o - 18, 0 = -0*o - 2*o - 3*x + 15. Suppose -326 = -o*s + 625. Is s a composite number?
False
Let k(g) = 5840*g**2 - 3*g + 2. Let u = -539 - -540. Is k(u) a composite number?
False
Let d = 2038 + -8617. Let v = -4271 - d. Suppose v = -m + 3*m. Is m prime?
False
Suppose 0 = 4*b - j - 3, -4*b - 18*j - 17 = -23*j. Suppose 3*c - b*z = 36949, 2*c - 24606 = -0*c - 4*z. Is c a prime number?
False
Let w be 2/(58238/(-19412) + 3). Let p be w/15 + (-4)/(-30). Let a = p - -2171. Is a prime?
True
Let s = 217 + -219. Let j(c) = -1634*c**3 - c**2 - 11*c - 17. Is j(s) prime?
False
Suppose 21*w - 98 = 19*w. Let v = 51 - w. Is -602*((-15)/12 + 1)*v prime?
False
Is -66754*(99/(-6) + 9 + 5) a composite number?
True
Let a(c) = 68*c**2 + 5*c - 5. Suppose -4*g = 3*t - 161, -t + 5*g = t - 92. Let q = t - 49. Is a(q) composite?
False
Suppose -10*t - 11*t + 658371 = 0. Is t prime?
False
Let y = -117 + 122. Suppose 3743 = 3*m + o, m + y*o = 3*o + 1251. Is m prime?
False
Suppose 21*t + 242352 = -3*t. Let f = -5657 - t. Is f a prime number?
True
Let h(k) = -5*k**2 + 15 + 24*k**2 - 3*k**2 + k**3 + 4 - 16*k. Let u be h(-17). Suppose -u*t - 33 = -479. Is t prime?
True
Suppose w = 169 - 167. Suppose w*i - 2364 = c, -3*c + 4734 = 4*i - 8*c. Is i composite?
False
Let s be (-2264)/(-2) - 4/8*-6. Let n = -3015 + s. Let x = n + 2787.